l**g - 3*l - 1 + 2 - 35*l**2. What is o(2)?
-1
Let d(s) = -11*s**3 - 10*s**2 + 6*s - 19. Let n(o) = -9*o**3 - 9*o**2 + 4*o - 16. Let j(w) = 4*d(w) - 5*n(w). Determine j(-4).
4
Let d(b) = b**2 + 12*b - 9. Suppose -v = 4*h - 22, -23 + 51 = 4*v + 4*h. Suppose 0 = -v*j + 27*j + 325. Give d(j).
4
Let l(a) = 7*a + 5. Let v(n) = -n - 1. Let s(b) = -l(b) - 6*v(b). Let i be 18/21 - (-495)/231. Suppose 3*w = m + 1, -5*w - i*m = 15 - 12. Give s(w).
1
Let w(c) = -2129*c + 0*c**2 - 7*c**2 - c**2 - 10 - c**3 + 2135*c. Let x = -28 - -19. Give w(x).
17
Let w(o) = o + 4. Let p be ((-45)/10)/((-6)/128). Suppose 7*x = -76 + 727. Let a = p - x. Give w(a).
7
Let i(x) = 3 + 5*x + 3 + 2*x - 2 - 8*x. Determine i(3).
1
Let w(r) = -r - 4. Let n = 755 + -810. Let j = 51 + n. Determine w(j).
0
Let u = 5061 - 5063. Let r(t) = -47*t - 12. Determine r(u).
82
Let j(n) be the second derivative of -n**4/12 - n**3 + 5*n**2 - 8*n + 2. Suppose 2*i - 5*i - 21 = 0. Determine j(i).
3
Let l(f) be the third derivative of f**7/840 - f**6/36 - 7*f**5/60 + f**4/24 - 121*f**3/6 - 5*f**2 + 22*f. Let s(p) be the first derivative of l(p). Give s(11).
-32
Let y(f) = 3*f**2 + 2*f + 6. Let l(x) = -2*x**3 - 15*x**2 - 6*x + 11. Let a be l(-7). Determine y(a).
62
Let b(n) = -n**2 + 30*n + 28. Let p be b(-1). Let y(g) = -g**2 - 3*g - 2. Determine y(p).
-2
Let y be (-3)/(-4) + (-90)/(-72). Suppose 0 = -y*r - s - 6, 0*r + s = r + 3. Let n(t) = -t - 2. Give n(r).
1
Let b(j) be the first derivative of -57*j**2/2 - 347*j - 6906. What is b(-6)?
-5
Let t(y) = -2*y**2 - 22*y - 56. Let l be t(-6). Suppose -5 - 16 = 3*r - 4*b, -l*b + 27 = -5*r. Let v(m) = 3*m + 1. What is v(r)?
-8
Let k = 756 - 763. Let p(g) = 2*g - 42 + 50 - 2. Determine p(k).
-8
Let c(a) be the first derivative of -a**3/3 - 3*a**2/2 + 69*a + 4372. What is c(-10)?
-1
Let p(m) = m**3 + m - 1. Let y be 1/1 - (-2)/2. Let v be p(y). Let l(r) be the second derivative of r**3/6 - 3*r**2 - 2*r + 5475. Determine l(v).
3
Suppose 2*w = 5*w + 12. Let o(t) = 8*t**2 + 23*t + 15. Let y(f) = -3*f**2 - 8*f - 5. Let c(n) = w*o(n) - 11*y(n). What is c(4)?
-5
Let n = 240 + -238. Let x(o) = 2*o**2 - o + 3. Give x(n).
9
Let m(w) = 3*w**2 - 18*w - 29. Let j(b) = 5*b**2 - 27*b - 43. Let p(l) = -5*j(l) + 8*m(l). Calculate p(-3).
1
Let y(m) = -m**2 - 3*m + 1. Suppose -3*u - 6 = -4*l, 14*u + l = 18*u - 5. Calculate y(u).
-9
Let m be 0 - 0 - (-5 + 1). Suppose 12*s = 15*s - 14*s. Suppose i + m*y + 3 = s, -2*i + 9 = 2*i - 5*y. Let a(c) = -10*c - 1. Determine a(i).
-11
Suppose -5186*q + 5197*q = 88. Let l(i) = i**3 - 9*i**2 + 8*i + 6. Give l(q).
6
Let x(k) = k**3 - 11*k**2 + 14*k - 154. Let l = -12547 + 12558. What is x(l)?
0
Let l(v) = -13*v**3 + 13*v**2 - 28*v + 22. Let r(b) = 11*b**3 - 12*b**2 + 27*b - 20. Let p(a) = -6*l(a) - 7*r(a). Calculate p(-9).
-46
Suppose 1306 = 14*z - 262. Let l be 7/2*(-34 - -4). Let n = l + z. Let w(a) = a**2 - 9*a + 1. Determine w(n).
-13
Let a(z) be the first derivative of z**2/2 + 11*z + 17. Suppose 13 = 5*f - 2, -f = 5*w + 32. Determine a(w).
4
Let u(s) = -8*s**2 + 25*s + 19. Let x be u(4). Suppose -3*j = -8*d + 4*d - 32, -4*d - 40 = -5*j. Let r(m) = -j + m - 1 + 18. What is r(x)?
4
Let v(w) = -w**2 + w. Let f(j) = 4*j - 29 - 7*j**2 - 6*j - 5*j - 10*j - j. Let r(m) = -f(m) + 6*v(m). Give r(-23).
6
Let w(y) be the third derivative of -y**5/60 + y**4/6 - 7*y**3/6 - 3*y**2 + 397. Determine w(5).
-12
Let m be 3 + ((-10)/16 - (-60)/(-160)). Let j(g) = 3 + 196*g - 199*g - m. Determine j(1).
-2
Let g(p) = 5*p**2 - 411*p + 75. Let y be g(82). Let d(b) = -b - 14. Determine d(y).
-7
Let b(r) = -r - 2. Let u(f) = 17*f + 144. Let d be u(-8). Suppose 0 = -o + 5*z - d*z + 3, -2*z + 16 = -4*o. Give b(o).
1
Let s = 25 + -21. Suppose -s*r - 16 = 4*c - 0*c, -r - 10 = 4*c. Let i be (-125)/(-30) + r/12. Let t(g) = -g**3 + 3*g**2 + 6*g - 3. Calculate t(i).
5
Suppose 3*x + 6 = 3*t, 0 = -2*x + 4*x + t - 8. Suppose 3*y + o = 60, x*o = 2*y - 3*o - 57. Let z(v) = 18 + y - 34 - v. Determine z(4).
1
Let m(x) = 2*x - 3. Suppose 4*f + 51*p = 52*p + 36, 16 = 4*p. Suppose -f*o = -9*o + 6. Give m(o).
-15
Let m be (42/(-10) + 3)*60/9. Let g be (118/(-4))/((-4)/m) - 3. Let r = g + 66. Let i(q) = -q**2 + 3*q - 4. Determine i(r).
-8
Suppose -3*v + 435 = 423. Let w(c) = -793*c + 794*c - 4 - v + 1. Give w(7).
0
Suppose -2*x = -3*x + v - 35, 3*x = v - 109. Let c be x - -49 - 1*3. Let n(u) = -u**3 + 8*u**2 + 11*u - 8. Determine n(c).
10
Let d(j) = j - 3*j + 0*j + 18. Suppose -4*m - 15*y + 80 = -13*y, -46 = m - 5*y. Calculate d(m).
-10
Let v(t) = t**3 + 10*t**2 + 5*t + 8. Let i(k) = -35*k - 780. Let h be i(-22). Calculate v(h).
-42
Let v(g) = 3*g + g + 0*g**2 - 6*g - g**3 - 8*g**2 + 4*g**2 - 3. Let c be 6/(-4)*(0 + -2). Suppose 2*t - c = 3*t. Calculate v(t).
-6
Let f = 12 + 23. Suppose -5*a = -5*j - f, -3 + 12 = -j - a. Let o(i) = 10*i**2 + 4*i - 12*i - 11*i**2 - 1. Give o(j).
-1
Let k(f) = f**3 - 2*f**2 + 3*f - 6. Let x(s) = 2*s**3 - 7*s**2 - 13*s - 10. Let z be x(5). Calculate k(z).
-6
Let c(n) = 14*n**2. Suppose -30 = -5*s - 0*s. Let z(q) = -2*q**2 + 52*q - 3. Let w be z(26). Let t be -1*(s - 3)/w. What is c(t)?
14
Suppose -38*r + 37*r - 3 = -v, -3*r + 71 = 5*v. Let k(i) be the second derivative of i**3/6 - 6*i**2 - 2*i. What is k(v)?
-2
Let m = -57 - -63. Suppose -6 = -3*n + m. Let a be (n + 0)*((-3)/6 + 0). Let h(j) = -j**3 - 4*j**2 - 3*j - 1. Give h(a).
-3
Suppose 4*f = -18 + 2. Let n(t) = -t**2 - t + 14. Let b be n(f). Let p(k) = 3 + 8*k**2 + 4*k - k + 2*k - 7*k**b. Calculate p(-3).
-3
Let q = 22 + -19. Suppose 5*n - 2*f = 250, -q*f - 212 = -4*n - 5. Let r(h) = 22 + 26 - n - 7*h + h**2. Give r(7).
0
Let k = 248 - 348. Let b be 2/12 - k*(-8)/192. Let h(g) = -3*g**2 - 3*g - 4. Calculate h(b).
-40
Let a(q) = -3 + 11 + 2*q**2 - 9 - q + q**3. Let f = -111 + 117. Let r(w) = -6*w + 38. Let x be r(f). Give a(x).
13
Let v(b) = b**3 - 4*b**2 - 7*b + 2. Let u be (10/(-7))/((-4)/28). Suppose -u*a + 13*a = -3. Let y = a - -6. Give v(y).
-8
Suppose 4*c - 10 = 5*c. Let l(g) = -7*g + 138. Let z(p) = 23*p - 500. Let w(d) = 7*l(d) + 2*z(d). Give w(c).
-4
Suppose -4*j - 9 = 27. Let o(s) = -s**3 - 9*s**2 + 9. Let w be o(j). Let c be (-22)/(-66)*(-1 - -4)*w. Let b(i) = -i**2 + 10*i - 9. Calculate b(c).
0
Let s(f) = 118 - 113 + 41*f - 2*f**2 - 34*f. Determine s(8).
-67
Let k(t) = 2*t + 3. Let h be (-8)/12 - 4/(-6)*-20. Let a be ((-36)/(-21))/(4/h). Determine k(a).
-9
Let t(q) be the first derivative of -128 + 1/2*q**2 + q. Let s(c) = -c**3 + 12*c**2 + 12*c + 3. Let m be s(13). Give t(m).
-9
Let i(x) = -91 + 21267*x**3 + 9*x**2 + 107 - 21266*x**3 + 11*x. Determine i(-8).
-8
Let c(r) be the first derivative of r**4/4 + 2*r**3 - 2*r**2 + 23. Let l be c(-5). Suppose 12*v - 27 = l. Let a(s) = 4*s - 6. Determine a(v).
18
Suppose 2*a = -5*g - 14, 4*g + a + 15 = -1. Let m(u) = -u + 7. Determine m(g).
13
Let k(v) = 13*v**3 + v**2 - 67*v - 45. Let l(f) = -28*f**3 + f**2 + 134*f + 93. Let t(z) = 13*k(z) + 6*l(z). Give t(-22).
-5
Let v = 218 - 215. Let d(x) = v*x - 79*x**2 + 2 + 80*x**2 + 0 + x**3 - 2*x**3. Determine d(4).
-34
Let c(f) be the second derivative of f**4/12 - f**3/2 - 2*f**2 - 7*f. Let w be (1/5)/((-2)/(-4 - 26)). Calculate c(w).
-4
Let a(y) = -103*y - 80*y + 181*y + 9 + 1 + 5. What is a(-12)?
39
Let m be 25*(-70)/(-147) - (-4)/42. Let d(c) = 5*c - 60. Calculate d(m).
0
Let m(i) = i + 7. Let u be ((-21)/(-14))/(6/(-8)). Let h be (1 - u)*32/48. Suppose 7*f = h*f. Calculate m(f).
7
Suppose -5*c = -b - 12, 0 = -0*c + 2*c + 2*b. Suppose 0 = -5*t + 5*y + 10, y + c = t - 2*y. Let p(o) = -10*o + 3*o**2 + 2*o - 84 - 2*o**t + 88. Calculate p(7).
-3
Let q(p) = p + 2. Let d(y) be the second derivative of -y**5/20 - 7*y**4/6 + 7*y**3/3 - 9*y**2/2 + 17*y. Let s = -63 + 48. Let j be d(s). Give q(j).
8
Let r(y) = 19*y**2 - 2*y + 3. Let c(m) = 21*m**2 - 3*m + 6. Let v(u) = -3*c(u) + 4*r(u). Let s(x) = -4*x**2 + 1. Let z(h) = -4*s(h) - v(h). Calculate z(2).
12
Let m(x) be the second derivative of -1/6*x**3 - 1/2*x**2 + 2 + 2*x. Determine m(3).
-4
Let t(f) be the third derivative of f**4/3 - 11*f**3/6 - 9000*f**2. What is t(-4)?
-43
Suppose 5*n + 15 = -g, -4*n + 2*n - 6 = g. Suppose -7*h - 18 - 10 = g. Let j(s) be the second derivative of s**5/20 + s**4/3 - s**3/6 - 29*s. Determine j(h).
4
Let j = -113